{"id":400,"date":"2026-07-22T16:31:34","date_gmt":"2026-07-22T14:31:34","guid":{"rendered":"https:\/\/caro.stibinik.com\/recettes\/infusion-de-canela\/"},"modified":"2026-07-23T16:57:59","modified_gmt":"2026-07-23T14:57:59","slug":"infusion-de-canela","status":"publish","type":"ksf_recette","link":"https:\/\/caro.stibinik.com\/es\/recetas\/infusion-de-canela\/","title":{"rendered":"Infusi\u00f3n de canela"},"content":{"rendered":"<div class=\"ksf-fiche\"><ul class=\"ksf-fiche__chiffres\"><li><span class=\"ksf-fiche__label\">Raciones<\/span><span class=\"ksf-fiche__valeur\">2 litros<\/span><\/li><li><span class=\"ksf-fiche__label\">Preparaci\u00f3n<\/span><span class=\"ksf-fiche__valeur\">2 min<\/span><\/li><li><span class=\"ksf-fiche__label\">Cocci\u00f3n<\/span><span class=\"ksf-fiche__valeur\">5 min<\/span><\/li><li><span class=\"ksf-fiche__label\">Dificultad<\/span><span class=\"ksf-fiche__valeur\">F\u00e1cil<\/span><\/li><\/ul><ul class=\"ksf-fiche__regimes\"><li><a href=\"https:\/\/caro.stibinik.com\/es\/recetas\/dieta\/sin-azucar-refinado\/\">Sin az\u00facar refinado<\/a><\/li><li><a href=\"https:\/\/caro.stibinik.com\/es\/recetas\/dieta\/sin-cafeina\/\">Sin cafe\u00edna<\/a><\/li><li><a href=\"https:\/\/caro.stibinik.com\/es\/recetas\/dieta\/sin-gluten\/\">Sin gluten<\/a><\/li><li><a href=\"https:\/\/caro.stibinik.com\/es\/recetas\/dieta\/sin-lactosa\/\">Sin lactosa<\/a><\/li><li><a href=\"https:\/\/caro.stibinik.com\/es\/recetas\/dieta\/sin-soja\/\">Sin soja<\/a><\/li><li><a href=\"https:\/\/caro.stibinik.com\/es\/recetas\/dieta\/vegano\/\">Vegano<\/a><\/li><li><a href=\"https:\/\/caro.stibinik.com\/es\/recetas\/dieta\/vegetariano\/\">Vegetariano<\/a><\/li><\/ul><\/div>\n\n\n<p class=\"is-style-lead wp-block-paragraph\">Cuando uno se concede un momento de calma, una infusi\u00f3n aclara las ideas. Esta solo pide agua y ramas de canela \u2014 ecol\u00f3gicas a ser posible, porque la corteza concentra lo que ha recibido.<\/p>\n\n<h2 class=\"wp-block-heading\">Ingredientes<\/h2>\n\n<ul class=\"wp-block-list\"><li>2 litros de agua<\/li><li>2 ramas de canela ecol\u00f3gica<\/li><\/ul>\n\n<h2 class=\"wp-block-heading\">Preparaci\u00f3n<\/h2>\n\n<div class=\"ksf-etape\"><span class=\"ksf-etape__num\">1<\/span><p class=\"ksf-etape__texte\">Llevar a ebullici\u00f3n el agua con las ramas de canela.<\/p><\/div>\n\n<div class=\"ksf-etape\"><span class=\"ksf-etape__num\">2<\/span><p class=\"ksf-etape__texte\">Cocer a fuego lento 5 minutos y tapar.<\/p><\/div>\n\n<div class=\"ksf-etape\"><span class=\"ksf-etape__num\">3<\/span><p class=\"ksf-etape__texte\">Servir enseguida o m\u00e1s tarde. La infusi\u00f3n sigue intensific\u00e1ndose: puede a\u00f1adir un litro de agua para beberla durante el d\u00eda o al d\u00eda siguiente.<\/p><\/div>","protected":false},"excerpt":{"rendered":"<p>Dos ramas de canela, dos litros de agua: la infusi\u00f3n m\u00e1s sencilla y una de las m\u00e1s reconfortantes.<\/p>\n","protected":false},"featured_media":377,"menu_order":0,"template":"","meta":{"_ksf_portions":"2 litros","_ksf_temps_prep":"2","_ksf_temps_repos":"","_ksf_temps_cuisan":"5","_ksf_difficulte":"facile","footnotes":""},"ksf_recette_cat":[190],"ksf_regime":[210,218,202,206,214,194,198],"class_list":["post-400","ksf_recette","type-ksf_recette","status-publish","has-post-thumbnail","hentry","ksf_recette_cat-te-de-canela","ksf_regime-sin-azucar-refinado","ksf_regime-sin-cafeina","ksf_regime-sin-gluten","ksf_regime-sin-lactosa","ksf_regime-sin-soja","ksf_regime-vegano","ksf_regime-vegetariano"],"_links":{"self":[{"href":"https:\/\/caro.stibinik.com\/es\/wp-json\/wp\/v2\/ksf_recette\/400","targetHints":{"allow":["GET"]}}],"collection":[{"href":"https:\/\/caro.stibinik.com\/es\/wp-json\/wp\/v2\/ksf_recette"}],"about":[{"href":"https:\/\/caro.stibinik.com\/es\/wp-json\/wp\/v2\/types\/ksf_recette"}],"version-history":[{"count":1,"href":"https:\/\/caro.stibinik.com\/es\/wp-json\/wp\/v2\/ksf_recette\/400\/revisions"}],"predecessor-version":[{"id":440,"href":"https:\/\/caro.stibinik.com\/es\/wp-json\/wp\/v2\/ksf_recette\/400\/revisions\/440"}],"wp:featuredmedia":[{"embeddable":true,"href":"https:\/\/caro.stibinik.com\/es\/wp-json\/wp\/v2\/media\/377"}],"wp:attachment":[{"href":"https:\/\/caro.stibinik.com\/es\/wp-json\/wp\/v2\/media?parent=400"}],"wp:term":[{"taxonomy":"ksf_recette_cat","embeddable":true,"href":"https:\/\/caro.stibinik.com\/es\/wp-json\/wp\/v2\/ksf_recette_cat?post=400"},{"taxonomy":"ksf_regime","embeddable":true,"href":"https:\/\/caro.stibinik.com\/es\/wp-json\/wp\/v2\/ksf_regime?post=400"}],"curies":[{"name":"wp","href":"https:\/\/api.w.org\/{rel}","templated":true}]}}

Infusión de canela

<div class="ksf-fiche"><ul class="ksf-fiche__chiffres"><li><span class="ksf-fiche__label">Raciones</span><span class="ksf-fiche__valeur">2 litros</span></li><li><span class="ksf-fiche__label">Preparación</span><span class="ksf-fiche__valeur">2 min</span></li><li><span class="ksf-fiche__label">Cocción</span><span class="ksf-fiche__valeur">5 min</span></li><li><span class="ksf-fiche__label">Dificultad</span><span class="ksf-fiche__valeur">Fácil</span></li></ul><ul class="ksf-fiche__regimes"><li><a href="https://caro.stibinik.com/es/recetas/dieta/sin-azucar-refinado/">Sin azúcar refinado</a></li><li><a href="https://caro.stibinik.com/es/recetas/dieta/sin-cafeina/">Sin cafeína</a></li><li><a href="https://caro.stibinik.com/es/recetas/dieta/sin-gluten/">Sin gluten</a></li><li><a href="https://caro.stibinik.com/es/recetas/dieta/sin-lactosa/">Sin lactosa</a></li><li><a href="https://caro.stibinik.com/es/recetas/dieta/sin-soja/">Sin soja</a></li><li><a href="https://caro.stibinik.com/es/recetas/dieta/vegano/">Vegano</a></li><li><a href="https://caro.stibinik.com/es/recetas/dieta/vegetariano/">Vegetariano</a></li></ul></div>


<p class="is-style-lead wp-block-paragraph">Cuando uno se concede un momento de calma, una infusión aclara las ideas. Esta solo pide agua y ramas de canela — ecológicas a ser posible, porque la corteza concentra lo que ha recibido.</p>

<h2 class="wp-block-heading">Ingredientes</h2>

<ul class="wp-block-list"><li>2 litros de agua</li><li>2 ramas de canela ecológica</li></ul>

<h2 class="wp-block-heading">Preparación</h2>

<div class="ksf-etape"><span class="ksf-etape__num">1</span><p class="ksf-etape__texte">Llevar a ebullición el agua con las ramas de canela.</p></div>

<div class="ksf-etape"><span class="ksf-etape__num">2</span><p class="ksf-etape__texte">Cocer a fuego lento 5 minutos y tapar.</p></div>

<div class="ksf-etape"><span class="ksf-etape__num">3</span><p class="ksf-etape__texte">Servir enseguida o más tarde. La infusión sigue intensificándose: puede añadir un litro de agua para beberla durante el día o al día siguiente.</p></div>

<p>Dos ramas de canela, dos litros de agua: la infusión más sencilla y una de las más reconfortantes.</p>
